 s(k) = k**2 - 9*k - 29. Let l be s(12). Let d(u) = -l - g + u + 11. Give d(-5).
-7
Let n = 41151 - 41133. Let p(d) = -d**3 + 18*d**2 - 3*d + 38. Calculate p(n).
-16
Let d be -25*(848/(-90) + 24/108). Let s(n) = -8*n**2 - 226*n**3 - n + 10 + 455*n**3 - d*n**3. Determine s(-8).
18
Let w = -38 + 40. Suppose -3*r = 3*b - 15, -w*r - 2 = -7*b + 3*b. Let j(c) = 0*c - 5 + r - c + 0*c. Calculate j(-1).
-1
Let z(n) = -n + 2. Suppose 17*q - 8*q - 36 = 0. Suppose -q*g = -2*d + d + 15, -5*d - 4*g = -123. Suppose 7 = 3*f - r, 3*f - f + 3*r = d. What is z(f)?
-2
Let f = -27655 - -27645. Let k(m) = -10*m**2 - 4 + 2*m + 0*m**3 - m**3 - 3*m. Determine k(f).
6
Let a(l) = l**2 + 42*l - 341. Let n be a(7). Let h(w) = 24*w - 1. Calculate h(n).
47
Let r(f) = 4*f**2 + 4*f + 86. Let g(i) = 7*i**2 - i + 166. Let c(o) = 3*g(o) - 5*r(o). Calculate c(19).
-8
Suppose 4*h = 2*x - 22, 21 = 9*x - 6*x - 2*h. Let z be ((-9)/x)/(123/410). Let s(d) be the second derivative of d**3/2 + 4*d**2 + d. Determine s(z).
-10
Let k(n) be the third derivative of -n**6/120 - n**5/3 + n**4/24 + n**3/2 - 2*n**2 - 146. What is k(-20)?
-17
Let z(o) = 19*o**3 - 35*o**2 + 14*o - 46. Let a(x) = -3*x**3 + 3*x**2 + x + 1. Let v(r) = 6*a(r) + z(r). What is v(16)?
24
Let z(r) = r**3 + r**2 - 3*r - 3. Let g(j) = 192*j + 5568. Let a be g(-29). Calculate z(a).
-3
Let i(l) = 5 - 4 + 0*l - l**2 - 7*l - 9 + 3*l. Calculate i(-8).
-40
Let l(d) = -d - 5. Let s = 186 + -184. Let h be 4*((-2)/s - 3/3). What is l(h)?
3
Let b be (3/(-2))/((-27)/4)*9. Let u(j) = 190 - 12*j**b + j**3 - 96 - 89 + 11*j. What is u(11)?
5
Let h(m) = m**3 - 4*m**2 + 2*m + 2. Let j be h(3). Let o(x) = x - 1. Let v(n) = 6 + 373*n + 2 - 2 - 374*n. Let f(c) = 5*o(c) + v(c). Give f(j).
-3
Suppose -3*u - 33 = 18*z - 13*z, 3*u + 3 = 0. Let t(g) = -g**3 - 6*g**2 - 5*g + 1. Determine t(z).
31
Let m(d) be the first derivative of d**4/4 - 5*d**3 - 15*d**2/2 + 10*d + 619. Determine m(16).
26
Let s(k) = -k**2 - 7*k - 9. Let z(w) = -14*w - 90. Let q be z(-6). Let o be 12/q*(42/12 + 1). What is s(o)?
-27
Let m(l) = 2*l + 5. Let i be 3*(-7 + 7 + -2). Give m(i).
-7
Let t(s) = 13*s**3 + 8*s**2 - 54*s + 25. Let q(d) = 8*d**3 + 4*d**2 - 35*d + 17. Let k(l) = 8*q(l) - 5*t(l). What is k(-5)?
-14
Let w(f) = f - 8 + 2 - 12. Let i be (-1)/((-2 + -5)/(-7)). Let b be 2/10*0*i. Give w(b).
-18
Let o(c) = -4*c**2 + 19*c + 44. Let x(r) = -r**2 + 7*r + 15. Let l(t) = -3*o(t) + 8*x(t). Calculate l(-4).
56
Let q(d) = -d**3 + d**2 + 16*d + 38. Let g be q(-3). Let w(x) = 20*x + x + g*x - 19*x. Give w(1).
28
Let r(u) = -3804*u**2 + 3812*u**2 - 328*u + u**3 + 336*u + 8. Let i = -5 + -2. Give r(i).
1
Let f(u) be the first derivative of u**5/20 + 3*u**4/4 + u**3/3 + 5*u**2/2 - 100*u + 264. Let c(n) be the first derivative of f(n). Calculate c(-9).
-13
Let z(o) = 2*o**2 - 3*o**2 - 1 - 3*o**3 + 3 - 3*o**2 - 293*o + 296*o. Calculate z(2).
-32
Suppose 0*f + 14*f - 210 = 0. Let j(m) be the first derivative of 3*m**2 + 8*m - m**2 + 9*m - f - 14*m. Give j(-6).
-21
Let k(p) = -p**2 - 27*p - 1. Suppose -40*v - 5*c = -41*v - 41, 4*v + 113 = 3*c. Give k(v).
25
Let p(n) = n**3 + 7*n**2 - 2*n + 8. Let f = -168 + 161. What is p(f)?
22
Let b(q) = q**2 - 8*q + 17. Let g = -5389 - -5396. What is b(g)?
10
Let y(r) = -r**3 + 2*r**2 - 2. Let z be y(-2). Let a(u) = -34*u**2 + 258*u + 23. Let p(x) = -7*x**2 + 55*x + 1. Let n(m) = a(m) - 5*p(m). Determine n(z).
-24
Suppose -4*l + 49 = -3*l - 5*x, -2*l + 2*x = -98. Let h(j) = j**2 + l*j - 2 + 25*j - 76*j. What is h(3)?
1
Suppose 2*y - 9 = 5*q - 0*q, q - 4*y - 9 = 0. Let g(d) be the second derivative of -d**5/20 - d**4/6 + 2*d**3/3 + d. Calculate g(q).
-3
Let r(k) = 935*k - 1 + 925*k - 1839*k. Calculate r(2).
41
Let w(a) = a - 4. Let p(v) = 2*v - 34. Let m be p(15). Let f be (m/3)/(-4 - 64/(-18)). What is w(f)?
-1
Let h(a) = -44*a + 19. Let y(u) = -23*u + 1. Let w(b) = h(b) - 2*y(b). Give w(0).
17
Let r(s) = -s**2 + 2*s - 4. Let f(x) = -8*x**3 + x + 2. Let i be f(-2). Let h = -64 + i. Suppose 4*l - 2*l + 10 = -4*v, h = -l + 3*v + 15. Determine r(l).
-7
Let i = 352 + -352. Let u(j) = 36 - 28 + i*j + 3*j. Determine u(6).
26
Let a(g) = 2*g + 71. Let t be a(-25). Let o(i) = -5*i - 6*i + 10*i - 13 + t. Calculate o(0).
8
Suppose -2*t - 6 = -4*y, 3*y + 4*t - t - 18 = 0. Let w(n) = 17*n**y - 29*n**3 + 4*n - 7*n**2 + 13*n**3 + 8. Give w(6).
-4
Let d = 6 + -7. Let g = -93 + 96. Let t(z) = -z**2 + 3*z + 4. Let h(k) = -4*k**2 + 8*k + 11. Let y(c) = g*h(c) - 8*t(c). Calculate y(d).
-3
Let c(o) be the third derivative of o**7/2520 - o**6/120 + o**5/24 + o**4/6 + 5*o**2 + 1. Let h(j) be the second derivative of c(j). Give h(4).
-3
Suppose 3*k + 252 = 12*k. Let w(q) = 2 - k*q - 3 + 29*q. Suppose 8 = b + j, 0 = 5*b - 0*j + j - 24. Give w(b).
3
Suppose -9*i + 6 = -57. Let k(o) be the second derivative of -5*o**3/6 + 5*o**2 + 389*o. Determine k(i).
-25
Let x(y) = -2*y**3 + 55*y**2 - 25*y - 57. Suppose -4*v = 4*r - 108, 4*r - 1697*v - 108 = -1696*v. Give x(r).
-3
Let i(b) = 5*b**2 + 33*b + 97. Let u(r) = 6*r**2 + 34*r + 98. Let m(a) = -4*i(a) + 3*u(a). What is m(-10)?
6
Let k(r) = r**3 - 2*r**2 - r - 2. Let j be k(3). Let b = -512 + 524. Let p(y) = 10 - 51 + b + 13 + 6*y + 12 - 3*y**2. Determine p(j).
-28
Let c(n) = n - 9. Let d(r) = 39 + 0*r - r + r - 5*r. Let g be d(7). Suppose -x + 0*x - 16 = -4*u, g*x = -4*u + 16. Determine c(x).
-9
Let s(y) = y**2 - 24*y + 39. Let o = -10479 + 10499. Calculate s(o).
-41
Suppose 0 = -2*m - 5*w - 7, -m + 5*w + 4 = -0*w. Let h(n) be the third derivative of -11*n**6/120 - n**5/30 - n**4/8 - n**3/3 + 2126*n**2. What is h(m)?
10
Let f(u) = u**3 - 6*u**2 + 3*u + 5. Let q = -15 - -14. Let c be q - (-4 - 6/(-3)). Suppose 5*j - c = -t, 5*t - 3*j - 33 = -0*t. Calculate f(t).
23
Let a(c) be the first derivative of -c**4/4 + 10*c**3 + 31*c**2/2 - c + 956. Give a(31).
-1
Suppose 4*z = 5*z - 4, 5*h + 5*z = 55. Let v(l) = -h*l - 10*l + 11 - 12*l + 31*l. Give v(-13).
-15
Let k = 182 - 170. Let l(s) = -5*s**3 - 6*s**3 + 3*s - 2 + 4*s**2 + k*s**3. Give l(-3).
-2
Let o(l) = l**2 - 4*l + 5. Let k(i) = -i**2 + 3*i - 7. Let b(f) = -3*k(f) - 4*o(f). What is b(4)?
13
Let s(n) be the second derivative of n**5/120 + 7*n**4/24 + 31*n**3/3 + 47*n. Let z(o) be the second derivative of s(o). Determine z(-6).
1
Let v(q) = 11*q**3 + 98*q**2 + 32*q - 305. Let z(c) = c**3 + 9*c**2 + 3*c - 28. Let y(n) = -2*v(n) + 23*z(n). What is y(-10)?
16
Let i(t) = -4*t + 5. Let v be 10/7 + (-36)/(-63). What is i(v)?
-3
Let i(l) = -l**2 - 15*l + 9. Let p be ((-315)/(-30) + -9)/(0 + (-9)/96). Determine i(p).
-7
Suppose 0 = -2*q + 2*b - 7*b - 13, -2*q + 22 = -2*b. Let d(f) = f**3 - 7*f**2 + 2*f + 18. Give d(q).
-6
Let k(n) be the second derivative of -n**5/20 + 19*n**4/12 - 17*n**3/6 - 11*n**2/2 + 429*n + 2. Determine k(18).
7
Let p(r) be the second derivative of -r**3/6 + 3*r**2/2 + 8*r + 7. Let v(u) = -u + 1. Let k(n) = -2*p(n) + 5*v(n). Determine k(-2).
5
Let y be 20/8 - (-2)/(-4). Let j(o) = 3*o + 0*o**2 - y*o - 3*o**2. Let h be (-16 - -18 - (-1 + 2))*-1. What is j(h)?
-4
Let d(b) = 6*b + 2. Let g(t) = 12*t - 220. Let h be g(18). Determine d(h).
-22
Let j be (-9048)/(-88) + 18/99. Let a(h) = 3*h**2 - j*h + 88*h - 2*h**2 + 3 + 24. Give a(12).
-9
Suppose 24*v = -77*v + 9*v + 552. Let n(i) = -i**2 + 5*i + 1. Determine n(v).
-5
Let l be ((-96)/66)/((-34)/187). Let u(h) = -3*h**2 + 24*h - 6. Give u(l).
-6
Let o(n) = -n + 5. Let d(y) = -y**2 + 2*y - 4. Let a be d(3). Let v be 8 + (-5 - 1) + (a - 0). What is o(v)?
10
Let h(m) be the first derivative of m**3/3 + m**2/2 - 3*m - 1. Let j be -3 + 2/(-3)*-14*(5 + (-153)/36). Determine h(j).
17
Let l be (-678)/(-10) + (8/20)/2. Let h = l + -66. Suppose -4*n + h = 2*t, 0*n + 2*n + 6 = 0. Let o(r) = -r**2 + 6*r + 3. Calculate o(t).
-4
Let z(c) be the third derivative of -c**6/120 + c**5/5 - 5*c**4/12 + 2*c**3/3 + 2743*c**2. Let m be 194/18 + 4/18. Calculate z(m).
15
Let h(l) = -l**3 + 15*l**2 + 53*l + 28. Suppose -5*b = -5*p - 60, -2*p - 78 = 13*b - 18*b. Determine h(b).
10
Let d(h) be the second derivative of -h**5/20 + 19*h**4/4 - h**3/3 + 57*h**2 + h - 1975. Calculate d(57).
0
Let x(w) = 28 + 5*w - 51 + 21. Let p be x(2). Let v(t) = t - 2. What is v(p)?
6
Let l(t) = -83 + 13 + 48 - t. Calculate l(-11).
-11
Suppose -66 + 106 = -8*g. Let